 i + 30 = 2*z - 3*i, 0 = 3*z + p*i. What is the remainder when z is divided by 3?
2
Let v = 17 - 6. What is the remainder when 19 is divided by v?
8
What is the remainder when (2/6)/((-2)/(-186)) is divided by (1 - (-1 - 15))/1?
14
Suppose -68 = 4*d + 2*x, 5*d + 4*x = -x - 95. Let z = d + 26. Calculate the remainder when 30 is divided by z.
8
Let q(u) = -u**3 - 5*u**2 - 6*u + 7. Calculate the remainder when q(-5) is divided by 10.
7
Let m = -6 - -14. Calculate the remainder when 1 - 2 - (-30)/2 is divided by m.
6
Suppose 2*k + 6 = 5*t, -3*k = 2*t - 5*t. Let n(r) be the first derivative of r**3 + r**2 + r - 16. Calculate the remainder when n(t) is divided by 5.
2
Let x = -80 + 92. Calculate the remainder when 19 is divided by x.
7
Suppose 14*v - 11*v - 27 = 0. Calculate the remainder when 17 is divided by -6 + v + (2 - -4).
8
Let b = 30 + -22. Calculate the remainder when 30 is divided by b.
6
Let b(x) = -40*x**2 - x + 1. Let s be b(1). Let v = s + 102. What is the remainder when v is divided by 32?
30
Suppose 41 + 82 = 3*q. Let k = -22 + q. What is the remainder when k is divided by 5?
4
Let v(t) = -t**3 + 3*t**2 - t. Suppose 4*u + 16 = 2*o, -2*o - 5*u - 20 = -3*o. Suppose o + 5 = 5*r. Calculate the remainder when v(2) is divided by r.
0
Let t(k) = 5*k + 1. Calculate the remainder when t(14) is divided by 25.
21
Suppose 9 + 369 = 3*h. Calculate the remainder when h is divided by 43.
40
Suppose -3*b = -0*b - 2*m - 17, -51 = -4*b - 3*m. Suppose 2*d + b = -d, -5*d = -5*r + 20. What is the remainder when r is divided by 2 - (1 + 0/2)?
0
Let j be (15 - 12) + 1/(-1). Suppose 4*g - 3*o + 0*o = 124, -3*g + j*o + 92 = 0. What is the remainder when g is divided by 10?
8
Let r(a) = 98*a - 3. Calculate the remainder when r(1) is divided by 20.
15
Let y be (-2 + 2 - 0)/1. Let i = y + 1. What is the remainder when 26 is divided by 8 - (-2 + i)/1?
8
Let v(u) = -u**3 + 8*u**2 + 9*u - 13. What is the remainder when v(7) is divided by 25?
24
Let m = 8 + -5. Suppose -u + 3*l + 66 = m, 3*l + 135 = 2*u. Let d = u - 42. What is the remainder when d is divided by 16?
14
Suppose 2*m - 192 = -6*m. What is the remainder when 70 is divided by m?
22
Suppose -2*f + 2*r = -6 - 32, 74 = 4*f - 3*r. What is the remainder when f is divided by 9?
8
Let q = 172 + -103. What is the remainder when q is divided by 4?
1
Let r(v) = -1 - 2*v**2 - v**3 + 0*v**2 + 27 + 3*v**2. Calculate the remainder when 102 is divided by r(0).
24
Let m = 27 - 10. What is the remainder when 33 is divided by m?
16
Let c = 31 + -21. Suppose -2*h + h + 3 = 0. Let x = 21 - h. Calculate the remainder when x is divided by c.
8
Let q(r) = -43*r**2 + r + 1. Let c be q(-1). Let a = -28 - c. Suppose 0 = 2*i - 5*b - 106, 5*i + 0*i - b = 219. What is the remainder when i is divided by a?
13
Let r = 8 + 27. Let p = 31 - 19. Calculate the remainder when r is divided by p.
11
Let x be 20/(-3) - (-4)/6. Let i(a) = -2*a - 2. What is the remainder when i(x) is divided by (-2)/(2/(18/(-3)))?
4
Let t(d) = 2*d**3 - 5*d**2 + 4*d - 3. What is the remainder when 71 is divided by t(3)?
17
Let y be 25/1 - (-1)/(-1). Suppose -6*c + 4*c + y = 0. What is the remainder when 46 is divided by c?
10
Suppose -3*r + 3*f + 13 = -r, 5*r + 2*f = 42. What is the remainder when 52 is divided by r?
4
Suppose 2*z + z = 57. Let t = 29 - z. What is the remainder when 19 is divided by t?
9
Let x(r) = 13*r - 47. What is the remainder when 123 is divided by x(5)?
15
Let k(x) = -x - 25. Let l be k(0). Let u = l + 36. Calculate the remainder when 21 is divided by u.
10
Let b = -82 + 96. What is the remainder when 93 is divided by b?
9
Calculate the remainder when ((-185)/(-10))/(-1 - (-6)/4) is divided by 8.
5
Let w = 24 - 8. What is the remainder when 29 is divided by w?
13
Suppose 2*n + 14 = -0*n. Let k = 14 - n. Suppose -5*u = g - 308, 3*u + 241 = 7*u - g. What is the remainder when u is divided by k?
19
Suppose 66 = -0*x + 3*x. Let b(i) = -3*i**2 + 6*i + 4. Let k(r) = r**2 - 3*r - 2. Let u(g) = -2*b(g) - 5*k(g). What is the remainder when x is divided by u(-5)?
10
Let g = 25 - 10. Suppose -4*u = -3*x + 128, 5*x - u + 0*u - 219 = 0. What is the remainder when x is divided by g?
14
Suppose -5 = p - 2*p. Calculate the remainder when 8/(1 + 0/(-2)) is divided by p.
3
Suppose -3*h - 2*h + 20 = 0. Calculate the remainder when 10 is divided by h.
2
What is the remainder when (-14)/91 - (-2760)/26 is divided by 22?
18
Suppose 0 = -2*b + 7*b - 25. Let i(o) = o**3 - 5*o**2 + 4*o - 7. What is the remainder when 49 is divided by i(b)?
10
Suppose 2*p = -0*p + 46. Suppose 5*u = -20, 3*s - 4*u = -s + 120. Suppose -7*b = -5*b - s. Calculate the remainder when p is divided by b.
10
Let f(c) = c**3 + 4*c**2 - 6*c + 7. What is the remainder when 7/(28/(-132))*-1 is divided by f(-5)?
9
Suppose -66 = 4*r - 7*r. Let h = -172 - -215. What is the remainder when h is divided by r?
21
Suppose 0 = -5*h + 7*h - 4. Suppose -2*q = h*u - 20, 3*q + 3*u - 46 = -2*q. Calculate the remainder when 29 is divided by q.
5
Let m = 0 - 14. Calculate the remainder when 24 is divided by (-194)/m - 2/(-14).
10
Suppose -14 = -y - 5. Calculate the remainder when 1 + 27 + -1 + -1 is divided by y.
8
Let d = 12 + -20. Let n(k) = -5*k + 1. Let h be n(d). Suppose u - h = 18. Calculate the remainder when u is divided by 20.
19
Let y = -91 + 95. What is the remainder when 12 is divided by y?
0
Let j(n) = 27*n**2 - 4*n**2 - 1 + 0*n**2. What is the remainder when 42 is divided by j(1)?
20
Let x = -65 - -34. Let t = x + 44. Calculate the remainder when 37 is divided by t.
11
Let t(o) = -14*o**3 - o**2 + o + 1. What is the remainder when t(-1) is divided by 5?
3
Suppose 2*o = 169 - 41. Let a = -40 + o. What is the remainder when a is divided by 9?
6
Let q(o) = -5*o**3 + 3*o**2 + 3*o + 2. Calculate the remainder when q(-2) is divided by 17.
14
Let h be (-4)/(-16) - 182/(-8). Let r = -7 + h. Let w = r + -4. What is the remainder when 22 is divided by w?
10
Suppose -5*i + 20 = 3*p, 2*i - 4 + 2 = 0. Let z(n) = 4*n**2 - 5 - n**3 - n**3 + n**3 + 8*n. Calculate the remainder when z(p) is divided by 6.
4
Let x = 3 - 3. Suppose 2*n - 94 = -4*v - x*v, 5*n = -4*v + 85. Let p = 3 - -10. What is the remainder when v is divided by p?
12
Let z(f) = 4*f**2 - f + 1. Let v be z(1). Let q = 26 - v. What is the remainder when 42 is divided by q?
20
Let d be -1 - (-7)/(7/(-2)). Suppose 3*g - 29 = -5*n + 9, -4*g = -4*n + 56. Let r = n + d. Calculate the remainder when 13 is divided by r.
6
Suppose -i - 4*i + 150 = 5*v, 0 = -5*i + v + 120. Let q = -21 + 75. Suppose 0 = -4*r - 2 + q. What is the remainder when i is divided by r?
12
What is the remainder when 3/6*2*35 is divided by 8/(-3)*27/(-6)?
11
Let q = 79 - 37. Calculate the remainder when q is divided by 15.
12
Let p = -28 + 60. Let q = 2 + -2. Suppose -3*h = -5*n + 91, n - 4*h + 6*h - 13 = q. Calculate the remainder when p is divided by n.
15
Let i(h) = -12*h**2. Let t be i(-1). Let z = 26 + t. Calculate the remainder when 26 is divided by z.
12
Let d = 35 - -7. What is the remainder when d is divided by 11?
9
Suppose -90 = -5*v + 2*i, 55 = 3*v - 0*i - i. Suppose 27 = 5*z - 13. Calculate the remainder when v is divided by z.
4
Suppose -2*p + 3 = 3*x, 3*p = 2*x - p + 14. Suppose 5*o + 0*o = -10. Let w = x - o. What is the remainder when w is divided by 1?
0
Let l be 2 - 1 - 3 - 0. Let o(s) = 6*s - 7. Let w(j) = -12*j + 13. Let v(q) = 11*o(q) + 6*w(q). Calculate the remainder when 37 is divided by v(l).
11
Suppose -13 + 69 = 4*x. Calculate the remainder when 97 is divided by x.
13
Let a(r) = 24*r - 49. What is the remainder when a(13) is divided by 66?
65
Let u = -3 + 6. Calculate the remainder when 1/u + (-106)/(-6) is divided by 10.
8
Let j(u) = u**2 - 3*u - 5. Let d be j(5). Suppose 6 - 1 = h - g, 0 = 3*h - d*g - 5. Calculate the remainder when 18 is divided by h.
8
Let g(v) = v + 41. Let r be g(0). Let c = 85 - r. What is the remainder when c is divided by 23?
21
Let q = 16 + -2. What is the remainder when 242/6 + (-2)/(-3) is divided by q?
13
What is the remainder when -3*(-3 - (-155)/(-15)) is divided by 15?
10
Let j(r) = -34*r + 2. Calculate the remainder when 141 is divided by j(-1).
33
Let n be 6/(-10) + 76/10. Suppose 4*z = 53 + n. What is the remainder wh